o(-12)?
-76
Let c(u) = -u**3 + 9*u**2 + 455*u + 217. Determine c(-17).
-4
Let p(t) = 3*t**3 - 96*t**2 + 42*t - 1354. Give p(32).
-10
Let m(a) = 930*a + 81849. Calculate m(-88).
9
Let k(y) = -555*y + 2236. What is k(4)?
16
Let f(i) = 7*i**2 - 11*i - 21. Calculate f(3).
9
Let h(r) = -3*r**2 - 41*r + 199. Determine h(6).
-155
Let k(p) = -7*p - 247. What is k(-48)?
89
Let n(w) = 37*w**3 + 184*w**2 - 12*w - 2. What is n(-5)?
33
Let s(g) = 56*g**2 + 59*g - 116. Determine s(2).
226
Let z(p) = 18*p**2 - 114*p + 8. Determine z(6).
-28
Let h(q) = -2*q**3 + 10*q**2 + 11*q - 85. Give h(6).
-91
Let b(n) = 7*n**2 + 34*n + 15. Calculate b(-5).
20
Let z(q) = -160*q - 17595. What is z(-110)?
5
Let p(w) = -4*w**2 - 281*w - 4878. What is p(-39)?
-3
Let l(k) = -k**2 - 3738*k - 14929. Give l(-4).
7
Let h(j) = 593*j**2 + 3*j - 4. Determine h(1).
592
Let g(c) = -c**3 + 16*c**2 + 49*c + 81. Calculate g(19).
-71
Let d(i) = -11*i**3 - 39*i**2 - 27*i + 9. Give d(-2).
-5
Let r(k) = 45*k - 199. What is r(0)?
-199
Let w(f) = 11*f**3 + 100*f**2 - 230*f + 49. Give w(-11).
38
Let i(v) = -7*v - 516. Give i(-75).
9
Let k(m) = -4*m**2 + 43*m + 1326. Calculate k(-14).
-60
Let h(t) = -3*t**2 + 359*t - 1087. Determine h(3).
-37
Let z(n) = 3*n**2 - 2339*n + 13930. Determine z(6).
4
Let l(s) = -9*s - 80. What is l(-24)?
136
Let i(k) = 122*k - 107. Determine i(0).
-107
Let a(m) = m**3 + 2*m**2 - 21*m + 21. Give a(-6).
3
Let f(y) = -20*y + 64. Calculate f(-6).
184
Let i(r) = -r**3 + 22*r**2 - 25*r + 82. What is i(21)?
-2
Let c(k) = 86*k + 5. Determine c(0).
5
Let b(y) = 33*y - 352. Give b(14).
110
Let r(l) = l**3 + 12*l**2 - 58*l + 1. Calculate r(-16).
-95
Let h(p) = -p**3 + 60*p**2 + 188*p + 92. What is h(63)?
29
Let k(g) = -g**2 + 3*g + 40. Give k(-6).
-14
Let d(s) = -9*s + 200. What is d(17)?
47
Let p(y) = -23*y**2 + 1015*y - 138. Determine p(44).
-6
Let q(d) = -27*d - 80. Calculate q(4).
-188
Let o(v) = -v**3 - 32*v**2 + 68*v - 106. Determine o(-34).
-106
Let r(q) = 2*q**2 + 18*q - 151. Calculate r(-14).
-11
Let n(z) = -48*z**2 - 561*z + 179. What is n(-12)?
-1
Let o(r) = 2*r**2 + 4*r - 378. Determine o(13).
12
Let c(p) = 15646*p + 109528. Calculate c(-7).
6
Let n(v) = -v**2 + 67*v - 488. Give n(59).
-16
Let x(o) = 6*o**2 - 67*o + 103. Give x(7).
-72
Let v(q) = -80*q + 9761. Determine v(122).
1
Let v(t) = -53*t - 100. Give v(-2).
6
Let c(u) = -u**3 + 18*u**2 - 30*u - 107. Determine c(18).
-647
Let h(o) = -53438*o - 374064. What is h(-7)?
2
Let c(j) = -61*j**2 + 247*j + 29. Calculate c(4).
41
Let p(a) = -2821*a - 25358. What is p(-9)?
31
Let m(y) = -2*y**3 - 39*y**2 + 18*y + 668. Determine m(-19).
-35
Let b(x) = x**3 + 28*x**2 - 63. Determine b(0).
-63
Let i(g) = 238*g - 3593. Give i(15).
-23
Let h(k) = k**2 + 6*k + 106. Calculate h(0).
106
Let z(a) = 10*a**3 + 65*a**2 - 41*a - 35. Give z(-7).
7
Let a(y) = 31*y - 1072. What is a(33)?
-49
Let w(u) = 24*u + 175. Calculate w(-7).
7
Let a(c) = 82*c**2 - 470*c - 114. Determine a(6).
18
Let d(z) = z**3 - 8*z**2 + 20*z - 9. What is d(4)?
7
Let u(b) = -b**2 - 117*b - 2500. What is u(-89)?
-8
Let f(t) = -19*t + 74. Calculate f(10).
-116
Let o(c) = -134*c - 351. Give o(-3).
51
Let t(x) = 2*x**3 + 9*x**2 - 14*x - 3. Calculate t(2).
21
Let o(i) = 6*i**3 + 162*i**2 + 4*i + 47. Determine o(-27).
-61
Let g(u) = -11*u + 228. What is g(24)?
-36
Let a(f) = f**3 + 13*f**2 - 50*f - 501. Calculate a(-14).
3
Let f(i) = 167*i**3 - 2*i**2 - 3*i + 4. Give f(1).
166
Let w(p) = 273*p - 76. Determine w(-2).
-622
Let r(x) = 2*x**2 + 64*x - 391. Determine r(6).
65
Let t(s) = 137*s + 6708. Calculate t(-49).
-5
Let b(l) = l**2 + 14*l - 3472. Determine b(-66).
-40
Let x(g) = g**2 - 1234*g - 16205. Determine x(-13).
6
Let l(s) = -3*s**2 - 7*s + 2. What is l(6)?
-148
Let k(t) = 34*t + 99. Calculate k(5).
269
Let w(u) = -43*u + 336. What is w(8)?
-8
Let u(l) = 3*l**3 + 8*l**2 - 2*l - 47. Calculate u(-5).
-212
Let p(w) = 5*w - 546. Calculate p(44).
-326
Let v(k) = k**3 + 138*k**2 - 10*k - 1393. Calculate v(-138).
-13
Let t(v) = v**2 - 25*v - 215. Calculate t(-9).
91
Let m(v) = -v**3 + 33*v**2 - 250*v - 4. Calculate m(13).
126
Let c(x) = 4*x**2 + 260*x + 29. Calculate c(-65).
29
Let o(c) = -c**3 + 9*c**2 - 17*c + 261. Give o(10).
-9
Let x(y) = -399*y + 920. What is x(3)?
-277
Let q(x) = x**3 - 80*x**2 - 167*x + 231. Give q(82).
-15
Let r(c) = 410*c + 1211. Determine r(-3).
-19
Let a(n) = -2*n**3 + 52*n**2 - 30*n - 501. Give a(25).
-1
Let u(b) = -94*b - 2414. Give u(-25).
-64
Let g(q) = -q**3 + 681*q + 114. What is g(-26)?
-16
Let j(t) = 16*t**2 + 41*t + 41. What is j(-1)?
16
Let a(o) = -o**3 + 38*o**2 - 7*o + 260. What is a(38)?
-6
Let v(p) = -p**2 + 28*p - 108. Determine v(23).
7
Let w(k) = -k**2 + 116*k - 2072. Determine w(94).
-4
Let w(m) = 4*m**3 + 39*m**2 - 16*m - 5. What is w(-10)?
55
Let m(v) = -373*v - 2987. Determine m(-8).
-3
Let y(j) = j**3 + 26*j**2 + 217*j + 776. Calculate y(-15).
-4
Let r(o) = o**3 - 15*o**2 - 31*o - 100. Determine r(17).
-49
Let q(k) = 3*k**2 - 205*k - 4549. Give q(86).
9
Let g(r) = 52*r**3 + 13777*r**2 - 794*r + 257. Calculate g(-265).
-8
Let f(i) = -2*i**3 + i**2 + 18*i - 27. Give f(3).
-18
Let h(l) = 6*l + 29. Determine h(0).
29
Let q(g) = -57*g**2 - 94*g - 1. What is q(-2)?
-41
Let m(k) = -2*k**3 - 20*k**2 + 28*k + 38. Give m(-11).
-28
Let y(l) = l**2 + 25*l + 142. Determine y(-9).
-2
Let d(n) = -2*n**3 + n**2 - 58*n + 187. Give d(3).
-32
Let t(p) = 23*p + 31. Determine t(-7).
-130
Let i(f) = -f**3 + 50*f**2 + 50*f + 109. Calculate i(51).
58
Let i(f) = -94*f**2 + 201*f + 202. Calculate i(-1).
-93
Let g(d) = -1202*d - 1208. Give g(-1).
-6
Let i(m) = 10*m**2 + 3*m - 3. Give i(-2).
31
Let i(x) = 34*x + 1489. Determine i(-44).
-7
Let q(n) = n**3 - 2*n**2 - 16*n + 30. Calculate q(2).
-2
Let x(p) = -p**3 - 3*p**2 + 8*p + 27. Calculate x(-3).
3
Let n(y) = y**3 + y**2 - 785*y + 2326. What is n(3)?
7
Let h(p) = 20*p - 496. What is h(23)?
-36
Let a(p) = 3*p**3 - 4*p**2 + 14*p - 19. Calculate a(2).
17
Let i(n) = n**3 + 3*n**2 + 10*n + 29. Determine i(5).
279
Let o(f) = -104*f + 58. Determine o(4).
-358
Let s(u) = 67*u**2 - 215*u - 5. What is s(3)?
-47
Let v(n) = -n**2 + 61*n - 120. What is v(59)?
-2
Let j(l) = l**2 + 32*l + 4. What is j(-36)?
148
Let w(y) = 1189*y + 14284. Determine w(-12).
16
Let r(m) = 47*m + 4659. Calculate r(-99).
6
Let d(p) = -3*p**3 - 9*p**2 + 18*p + 11. Give d(-5).
71
Let d(p) = 4*p**3 + 49*p**2 - 97*p + 35. Give d(-14).
21
Let j(x) = -2*x**3 + 42*x**2 - 3*x + 42. Give j(21).
-21
Let d(l) = 6051*l + 139164. Calculate d(-23).
-9
Let t(s) = -134*s - 5770. Determine t(-43).
-8
Let n(p) = 1055*p - 4203. Calculate n(4).
17
Let r(m) = -187*m - 6542. Give r(-35).
3
Let s(m) = -5*m**2 + 160*m + 15. Calculate s(33).
-150
Let n(w) = -w**3 + 19*w**2 + 6*w - 86. Calculate n(0).
-86
Let b(d) = 32*d**2 + 126*d - 154. Give b(-5).
16
Let u(g) = -g**3 + 2*g**2 - 593*g - 13. What is u(0)?
-13
Let t(o) = -16*o + 264. Determine t(23).
-104
Let h(t) = 43*t**2 + 3052*t - 83. Give h(-71).
-12
Let c(k) = 17*k + 875. Give c(-52).
-9
Let d(f) = 986*f + 5923. What is d(-6)?
7
Let d(u) = -5*u**2 + 33*u - 34. Determine d(5).
6
Let k(c) = -101*c**2 - 1518*c + 5. Calculate k(-15).
50
Let p(o) = -1006*o + 8051. Give p(8).
3
Let c(z) = -94*z - 758. Calculate c(-8).
-6
Let x(a) = 6*a**2 + 1289*a + 15553. Calculate x(-202).
-1
Let s(r) = -r**3 - 16*r**2 + 164*r - 7. What is s(-23)?
-76
Let k(l) = -l**3 + 15*l**2 - 8*l + 11. Give k(14).
95
Let s(o) = 128*o + 16647. Give s(-130).
7
Let p(y) = y**3 - 12*y**2 - 588*y - 19. Calculate p(-19).
-38
Let k(r) = 3*r**2 - 2682*r - 13437. Give k(-5).
48
Let v(b) = 1353*b + 9469. Calculate v(-7).
-2
Let h(s) = s**2 + 13*s + 59. Determine h(-10).
29
Let j(z) = 47*z - 41. What is j(0)?
-41
Let t(r) = -3*r**3 + 6*r**2 + 14*r - 29. What is t(4)?
-69
Let t(l) = -8*l**2 - 15*l + 25. Determine t(8).
-607
Let t(n) = -109*n + 3040. Determine t(28).
-12
Let l(t) = -630*t + 64878. What is l(103)?
-12
Let s(p) = p - 134. Determine s(104).
-30
Let r(p) = 2*p**3 + 64*p**2 - p - 24. Give r(-32).
8
Let m(w) = w**3 - 8*w**2 + 19*w - 37. Determine m(10).
353
Let w(b) = -4*b**2 + 78*b - 377. Determine w(5).
-87
Let y(f) = f**2 + 62*f - 56. What is y(-72)?
664
Let f(h) = -104*h + 1033. Calculate f(10).
-7
Let s(d) = -154*d - 106. Calc